 of a?
5, 349
Suppose 4*r = 19 - 7. Suppose -r*y = -y - 6. What are the prime factors of y?
3
Let b = -8 - -10. Suppose 32 = b*i + 2*i. Suppose -2*g = 2*c + i - 40, -2*g = -6. List the prime factors of c.
13
Let u = 22 - 18. Suppose 5*i - u*l + 50 = l, 4*i + 2*l = -28. Let j = 19 + i. What are the prime factors of j?
11
Let b be (0 - 3)/(-3) + 24. Suppose -b*j = -22*j - 105. Suppose -5*v + 130 - j = 0. What are the prime factors of v?
19
Suppose 0 = -3*d - 2*d + 2590. List the prime factors of d.
2, 7, 37
Let q = 39 + -35. Suppose -q*t - 432 = -10*t. What are the prime factors of t?
2, 3
Let l(p) = p**2 - 7*p + 8. Let z be ((-48)/(-28))/((-2)/(-7)). Let w be l(z). Suppose -5*a - 1 = 2*j + w, -3*a = 9. What are the prime factors of j?
2, 3
Suppose 4*r + 2864 = 3*u + 2*u, -8 = -2*r. List the prime factors of u.
2, 3
Let r(w) = -291 + w**2 - w - 11*w + 324. What are the prime factors of r(17)?
2, 59
Let x be 5*((-52)/(-20) + -2). Suppose 245 + 5 = x*l - 4*b, 0 = l - 4*b - 94. What are the prime factors of l?
2, 3, 13
Let s = 112 - 55. Let i = 64 - s. List the prime factors of i.
7
Let z(s) = -3*s**2 + s - 2. Let d be z(1). List the prime factors of -4*d/(-24)*-18.
2, 3
Let n = 3850 + -10158. What are the prime factors of n/(-57) + (-3)/(18/4)?
2, 5, 11
Suppose -5*p + 25 = 4*o - 0*p, -11 = -2*o - p. Suppose 0 = -o*y + 15, t = -2*t + 3*y + 126. What are the prime factors of t?
3, 5
Suppose 17*x = -4*x + 105. Let y(d) = -8*d + 1. Let n be y(-2). Suppose -4*z + n = x. What are the prime factors of z?
3
Let y = -13 + 5. Suppose 4*h = -4*h + 184. Let t = h + y. List the prime factors of t.
3, 5
Let n be 1 + ((-92)/(-2))/(10 - 8). What are the prime factors of 69*(-56)/(-36)*n/14?
2, 23
Suppose 33 = 5*h + 5*j - 7, 5*j = 3*h + 8. Let b(f) = -8*f + 4. Let s be b(-5). Suppose -4*p = -h*q - 0*q + 48, 4*q = 3*p + s. What are the prime factors of q?
2
Suppose 0 = a - 2*b - 257, -3 + 1 = -b. Suppose 5*g - a = 2*g. List the prime factors of g.
3, 29
Let c = 630 - 537. List the prime factors of c.
3, 31
Let m(h) = 25*h**2 - 12*h + 5. What are the prime factors of m(5)?
2, 3, 5, 19
Suppose -3*l - 19 = 3*m + 2*l, -3 = -m + 3*l. List the prime factors of 67 + (3 - (6 + m)).
67
Let p(v) be the first derivative of v**3/3 - 5*v**2/2 - 3*v + 1. Let w be p(6). Suppose -5 = -n, -w*n + 7 + 55 = k. List the prime factors of k.
47
Let l be -2 - 2 - (-4 + -4). Suppose 2*u - l = u. Suppose -205 + 29 = -u*s. What are the prime factors of s?
2, 11
Let k(j) = -j**3 + 1. Let q be k(0). Let v be 1 + (8 - (q + 0)). Suppose -3*x - 92 = -5*o + o, 0 = 2*x + v. List the prime factors of o.
2, 5
Suppose -2*r + 4*r + i = 808, 5*r = 5*i + 2020. What are the prime factors of r?
2, 101
Let a(s) = s**3 - 2*s**2 + 6*s - 2. Suppose -2*l - 15 = t, -5*t = 2*l - 3*l + 20. Let o be a(l). What are the prime factors of (8/(-12))/(6/o)?
23
Suppose 2*s = -13*x + 10*x + 3135, -2*s + 3*x = -3153. What are the prime factors of s?
2, 3, 131
Let a = -2 - -1. Let o = 3 - a. Suppose -o*v - 185 = -9*v. What are the prime factors of v?
37
Suppose 27 = 3*m - 1101. Suppose -2*z = -6*z + m. What are the prime factors of z?
2, 47
Let c = -127 + 204. Let z = c - 70. What are the prime factors of z?
7
Let i(g) = -20*g - 8. Let x(k) = 19*k + 9. Let d(b) = -6*i(b) - 5*x(b). List the prime factors of d(8).
7, 29
Suppose -4*k + 3 + 17 = 0. Suppose -4*l + 360 = -4*i, -l - k*i + 4 = -56. What are the prime factors of l?
5, 17
Let l = -54 + 112. Let v = -34 + l. What are the prime factors of v?
2, 3
Let u be ((-98)/3)/(1/(-12)). Suppose 4*n + 0*z = -z + u, z - 490 = -5*n. List the prime factors of n.
2, 7
Let q(j) = -j**3 - 15*j**2 - 14*j. Let k be q(-14). Let y be 1/((-4)/(-336) - k). Suppose 3*i + 2*i = 20, 2*o = -2*i + y. List the prime factors of o.
2, 19
Let j(k) = 3*k - 21. Suppose 3*n + 194 = -94. Let i be (-1)/(-3*(-2)/n). What are the prime factors of j(i)?
3
Suppose -4*z + 144 = x, -x - 14 = -4*z - 158. What are the prime factors of x?
2, 3
Let p = 270 + -144. Suppose 0 = 3*y + 2*n - p, -29 = 5*n - 14. List the prime factors of y.
2, 11
What are the prime factors of 4 + -4 + 3 - (-1 - 206)?
2, 3, 5, 7
Let l = 2 + 8. Suppose -l*c + 576 = -2*c. List the prime factors of c.
2, 3
Let i be ((-6)/(-4))/((-6)/(-20)). Suppose 0 = -i*x + x + 4*j - 16, 4*x - 8 = -2*j. Suppose s - 20 - 29 = x. List the prime factors of s.
7
Let l(t) = t**3 + 6*t**2 + 5. Let s be l(-6). Suppose 0 = r + 2*n - 82, 0 = -s*n - 11 + 1. List the prime factors of r.
2, 43
Suppose -2*m + 485 = -5*d - 4*m, 180 = -2*d + 2*m. Let q = -65 - d. What are the prime factors of q?
2, 3, 5
Let g(j) = 2*j**3 + 2. Let z = 28 - 26. List the prime factors of g(z).
2, 3
Let d be 1 - (-10)/(-2) - 3. Let p(l) = l**3 + 8*l**2 - 4*l + 4. List the prime factors of p(d).
3
Let g(l) = -4*l + 13. Let v be g(5). What are the prime factors of (-19)/(-2)*(7 - v)?
7, 19
Let o be (-1)/(-1) + 8 + -3. Suppose 0 = 3*v - o*v. Suppose 0 = b - v - 36. List the prime factors of b.
2, 3
Let f = 14 - 4. Let r = -6 + f. Suppose -x + 49 = 4*q, -4*x - r*q = -q - 209. What are the prime factors of x?
53
Let d(i) = i**3 - i**2 - 1. Let w(p) = -6*p**3 + 2*p**2 + 3. Let y(u) = 3*d(u) + w(u). Let m be y(-1). Let b = m + 3. List the prime factors of b.
5
Let m = 242 - -158. What are the prime factors of m?
2, 5
Let r = -6606 - -10733. What are the prime factors of r?
4127
Let g be (-72 - -4)*(-10)/2. Suppose 4*j - g = 2*j. List the prime factors of j.
2, 5, 17
Suppose 182*v = 34*v + 635956. List the prime factors of v.
4297
Let a(v) = 6*v**2 - 5*v + 2. Let t(l) = l**3 + 2*l**2 - 4*l. Let k be t(-3). What are the prime factors of a(k)?
41
Let c(f) = -f**2 + 5*f - 3. Let r be c(3). Suppose 14 = -b + 5*z + 1, 40 = 4*b + 3*z. Let l = b - r. List the prime factors of l.
2
Let r(s) = s**2 + 3*s - 2. Let u be r(-5). Suppose 3*f + 25 = u*f. Let i = f + 4. What are the prime factors of i?
3
Let g(t) = 4*t**2 - t - 13. Suppose -4*z - 2*j = 18, -3 = z + 2*z + 5*j. List the prime factors of g(z).
137
Suppose 4*p - 7*p = -495. Let c = 2 + -14. List the prime factors of p/6*c/(-10).
3, 11
Let t = 77 - 71. List the prime factors of 294 + -1 + (1 - t).
2, 3
Suppose -5*z = d - 3*d + 28, 5*d = 3*z + 32. Suppose 0 = 4*x + 91 - 35. List the prime factors of (1 + -3)*x/d.
7
Let d(r) = 3*r**2 - 15*r - 2. Suppose -9 = 3*o + 3*i, 0 = -i + 8 - 5. List the prime factors of d(o).
2, 7
Let d be 96/52 - (-8)/52. Suppose 894 = 4*m + 2*k, 5*m + 3*k + d*k - 1130 = 0. What are the prime factors of m?
13, 17
List the prime factors of (-12)/(-5)*23275/49.
2, 3, 5, 19
Suppose -16*c + 12*c = -900. What are the prime factors of c?
3, 5
Suppose 4*r = 10 - 2. What are the prime factors of -2*((-11)/r + 2)?
7
Let q(d) be the third derivative of -d**4/3 - 4*d**3/3 - 7*d**2. What are the prime factors of q(-4)?
2, 3
Suppose 2*v - 454 + 1530 = 4*t, -4*t + 5*v = -1070. Let k = -164 + t. List the prime factors of k.
2, 53
Suppose 4*q + 106 + 30 = -4*t, 0 = -3*q + 4*t - 137. Let r = q + 78. List the prime factors of r.
3, 13
Let b(x) = -4*x - x - 3 - 3*x + 6*x. Let y be b(3). List the prime factors of y/18*(-1 + -57).
29
Let s be (147/(-2) - 2)*-2. Suppose -4*k + 202 - 57 = h, -4*k + h + s = 0. Let r = k + -22. List the prime factors of r.
3, 5
Suppose -n + 42 + 13 = 0. Suppose -3*i + 152 + n = 0. List the prime factors of i.
3, 23
Suppose k - 4*k + 8 = 2*l, 5*l - 20 = -5*k. Suppose -h = -f + 165, 0 = f + l*h - 68 - 102. List the prime factors of f.
2, 83
Let x be -1*(-4 + (-3 - -2)). Suppose -x*b = 1 - 196. Let q = -11 + b. List the prime factors of q.
2, 7
Let b = 347 - 171. Suppose k + 2*n = -3*k + 120, 5*k - 4*n = b. What are the prime factors of k?
2
Let o = -48 + 57. Let u(q) = 2*q**2 - 14*q - 3. List the prime factors of u(o).
3, 11
Suppose -3 = u + 3. Let a be 2/((-3 + 0)/u). Suppose -4*l - 1 = a*b - 17, -b - 8 = 4*l. List the prime factors of b.
2
Let h = 92 - 85. Suppose -h*j - 8 = -141. What are the prime factors of j?
19
Let b(h) = 7*h**2 + 18*h + 65. What are the prime factors of b(-8)?
3, 41
Let f = -200 - -308. Suppose -2*y = -y + f. List the prime factors of (y/15)/((-2)/10).
2, 3
Suppose 4*n + 4 = 16. Let i be n/9 - (-406)/6. Suppose -5*h + u + 170 = 0, -2*h + i = -u + 5*u. List the prime factors of h.
2, 17
Suppose 6*